r when 488618 is divided by 81408?
170
Calculate the remainder when 53435575 is divided by 13.
11
Calculate the remainder when 63591170 is divided by 6134.
6126
What is the remainder when 94185 is divided by 18810?
135
Calculate the remainder when 305559 is divided by 9179.
2652
What is the remainder when 286688866 is divided by 63?
58
What is the remainder when 183768 is divided by 26245?
53
What is the remainder when 4225737 is divided by 603673?
26
Calculate the remainder when 22865674 is divided by 27.
22
What is the remainder when 783408 is divided by 103?
93
Calculate the remainder when 1720850 is divided by 341.
164
Calculate the remainder when 5394 is divided by 1599.
597
Calculate the remainder when 53963 is divided by 26941.
81
Calculate the remainder when 998539 is divided by 332832.
43
Calculate the remainder when 1834009 is divided by 1790.
1049
What is the remainder when 15746 is divided by 13814?
1932
Calculate the remainder when 5046810 is divided by 2154.
2142
What is the remainder when 39898487 is divided by 1457?
1456
Calculate the remainder when 170101072 is divided by 1573.
1571
Calculate the remainder when 66835552 is divided by 380.
12
Calculate the remainder when 60704909 is divided by 42.
41
What is the remainder when 127485 is divided by 414?
387
Calculate the remainder when 9847261 is divided by 1969450.
11
What is the remainder when 2241415 is divided by 1120693?
29
Calculate the remainder when 7927063 is divided by 2119.
2003
Calculate the remainder when 482725 is divided by 482554.
171
What is the remainder when 157476 is divided by 620?
616
What is the remainder when 10420349 is divided by 119?
114
What is the remainder when 56660037 is divided by 5714?
13
Calculate the remainder when 25027661 is divided by 496.
493
What is the remainder when 3457352 is divided by 26?
2
What is the remainder when 238644 is divided by 14036?
32
What is the remainder when 5250417 is divided by 477310?
7
What is the remainder when 1738134 is divided by 656?
390
What is the remainder when 857207 is divided by 17?
16
Calculate the remainder when 104676 is divided by 14938.
110
What is the remainder when 145164 is divided by 48337?
153
Calculate the remainder when 1379248 is divided by 20417.
11309
Calculate the remainder when 18984 is divided by 178.
116
Calculate the remainder when 5992 is divided by 3971.
2021
Calculate the remainder when 48457647 is divided by 850.
847
What is the remainder when 16092838 is divided by 2335?
18
What is the remainder when 17374353 is divided by 45?
33
Calculate the remainder when 477750 is divided by 159152.
294
What is the remainder when 1131667 is divided by 53887?
40
Calculate the remainder when 121027 is divided by 16.
3
Calculate the remainder when 11141165 is divided by 14247.
11
Calculate the remainder when 2444501 is divided by 305557.
45
What is the remainder when 21547532 is divided by 458457?
53
Calculate the remainder when 344184 is divided by 52.
48
What is the remainder when 812065 is divided by 2154?
7
Calculate the remainder when 14417336 is divided by 60.
56
What is the remainder when 2745628 is divided by 915184?
76
What is the remainder when 1284485 is divided by 92?
73
Calculate the remainder when 1969458 is divided by 11.
7
What is the remainder when 190202637 is divided by 7178?
7171
Calculate the remainder when 9167917 is divided by 676.
5
Calculate the remainder when 57120 is divided by 1058.
1046
Calculate the remainder when 1539820 is divided by 1539809.
11
What is the remainder when 3674986 is divided by 1000?
986
What is the remainder when 2360032 is divided by 6413?
48
Calculate the remainder when 849825 is divided by 2842.
67
What is the remainder when 801888 is divided by 25?
13
What is the remainder when 272434 is divided by 488?
130
Calculate the remainder when 15958315 is divided by 443286.
19
Calculate the remainder when 25494643 is divided by 8498212.
7
Calculate the remainder when 12992988 is divided by 11011.
8
Calculate the remainder when 10903764 is divided by 19471.
4
What is the remainder when 2726223 is divided by 43273?
24
Calculate the remainder when 155809 is divided by 2679.
427
Calculate the remainder when 212882 is divided by 113.
103
What is the remainder when 9341282 is divided by 4670486?
310
What is the remainder when 1037777 is divided by 3243?
17
Calculate the remainder when 23255054 is divided by 44.
42
What is the remainder when 190264 is divided by 3133?
2284
Calculate the remainder when 3153712 is divided by 2831.
2809
What is the remainder when 13157773 is divided by 212?
205
What is the remainder when 592169 is divided by 2488?
25
What is the remainder when 43620480 is divided by 1363140?
0
What is the remainder when 7901226 is divided by 1580227?
91
What is the remainder when 24637 is divided by 2234?
63
Calculate the remainder when 1220459 is divided by 396.
383
Calculate the remainder when 235550 is divided by 319.
128
What is the remainder when 87679 is divided by 4865?
109
What is the remainder when 28128 is divided by 13377?
1374
What is the remainder when 46608889 is divided by 15536284?
37
Calculate the remainder when 1005613 is divided by 5747.
5635
What is the remainder when 118171 is divided by 659?
210
Calculate the remainder when 82927 is divided by 38111.
6705
Calculate the remainder when 334121 is divided by 66604.
1101
Calculate the remainder when 4031801 is divided by 22.
15
What is the remainder when 128820 is divided by 3746?
1456
Calculate the remainder when 44555638 is divided by 510.
508
Calculate the remainder when 1491857 is divided by 224.
17
What is the remainder when 55428115 is divided by 12481?
12475
Calculate the remainder when 4636865 is divided by 6839.
23
What is the remainder when 9270713 is divided by 1545118?
5
Calculate the remainder when 1216904 is divided by 362.
222
What is the remainder when 619753 is divided by 309791?
171
What is the remainder when 1854820 is divided by 2483?
19
Calculate the remainder when 41631 is divided by 38717.
2914
What is the remainder when 10061170 is divided by 152?
138
What is the remainder when 483488 is divided by 1140?
128
Calculate the remainder when 210913 is divided by 210621.
292
Calculate the remainder when 849699489 is divided by 139.
134
What is the remainder when 1535944 is divided by 843?
841
What is the remainder when 152185 is divided by 6893?
539
What is the remainder when 19857022 is divided by 1567?
1565
Calculate the remainder when 6181085 is divided by 6181062.
23
What is the remainder when 1677370 is divided by 217?
177
What is the remainder when 28124284 is divided by 5812?
16
What is the remainder when 22985 is divided by 11136?
713
Calculate the remainder when 20100533 is divided by 3477.
3473
What is the remainder when 10062498 is divided by 752?
738
Calculate the remainder when 81837 is divided by 755.
297
Calculate the remainder when 101047 is divided by 20186.
117
Calculate the remainder when 505269 is divided by 24060.
9
What is the remainder when 3569454 is divided by 3275?
2979
Calculate the remainder when 25502 is divided by 78.
74
Calculate the remainder when 135588 is divided by 1369.
57
Calculate the remainder when 67497 is divided by 199.
36
What is the remainder when 1108386 is divided by 4580?
26
What is the remainder when 40567629 is divided by 112?
109
Calculate the remainder when 4121222 is divided by 3774.
14
Calculate the remainder when 234592373 is divided by 307864.
5
What is the remainder when 352020457 is divided by 36?
1
Calculate the remainder when 65706533 is divided by 10154.
10153
Calculate the remainder when 19068382 is divided by 4263.
4246
Calculate the remainder when 20577817 is divided by 6.
1
What is the remainder when 6422 is divided by 247?
0
What is the remainder when 220741 is divided by 3134?
1361
What is the remainder when 12844356 is divided by 5791?
5709
What is the remainder when 3246222 is divided by 4369?
55
Calculate the remainder when 672091 is divided by 224019.
34
Calculate the remainder when 12717837 is divided by 22430.
27
Calculate the remainder when 342048 is divided by 13679.
73
What is the remainder when 5990842 is divided by 5?
2
Calculate the remainder when 20580 is divided by 5136.
36
W